ime factors of m.
17
Let d be (-201)/(-3) + 1 + 0. Suppose 4*g + 4*o = d, -3*o - 2*o = 4*g - 65. Let q = -14 + g. List the prime factors of q.
2, 3
Suppose 168 = -2*n - 0*n. Let t be ((-120)/(-28))/((-2)/n). What are the prime factors of t/22 - (-4)/(-22)?
2
Let l(h) = -2*h**2 + 4. Let y be l(3). Let f be y/2*(-6)/7. What are the prime factors of ((-8)/f)/(1/(-6))?
2
Suppose -4*a + 387 = -c, -2*a - a - 5*c + 273 = 0. List the prime factors of a.
2, 3
Suppose -3*w + 2*v = -0*w - 10, -5*v - 18 = -4*w. Suppose -2*f - 4*x - 8 = 0, -2*x = -f + x + 16. What are the prime factors of 22/4 + w/f?
2, 3
Let l(x) = -x**3 - 7*x**2 - 8*x + 4. Let t be l(-6). Suppose 3*b = 3*w - 39, -b = -2*w + 9 + t. What are the prime factors of w?
2, 3
Suppose 0 = -2*c - 14*c + 2320. What are the prime factors of c?
5, 29
Suppose 0 = c + 3*u - 29, c = 5*u - 3*u + 39. List the prime factors of c.
5, 7
Let i(j) be the first derivative of j**2/2 - 15*j + 1. Let s be i(7). What are the prime factors of 0 + -1 - (s + 1)?
2, 3
Suppose 328 = 3*s + 2*s - 4*j, -3*s + 5*j + 189 = 0. What are the prime factors of s?
2, 17
Suppose 0 = 3*a - 4*l - 141, -2*a + 7*l + 90 = 3*l. What are the prime factors of a?
3, 17
Suppose 10*m - 13*m + 33 = 0. What are the prime factors of m?
11
Let x(s) = -s**2 - 6*s + 6. Let u be x(-6). Let y(c) = -c**3 + 5*c**2 + 5*c + 6. Let k be y(u). Let h = 6 - k. List the prime factors of h.
2, 3
Suppose 0 = -0*a - 5*a + 5*j - 5, 2*j = -5*a + 2. Let i(w) = w - 3. Let d be i(a). List the prime factors of 5 - (d/(-1) + -6).
2
What are the prime factors of (6 - 8)*(1 + -38)?
2, 37
Let o be -1 - (-6 + 3) - 12. Let t = o - -30. What are the prime factors of t?
2, 5
Suppose f = 9 + 10. List the prime factors of f.
19
Suppose 10 = 5*j - 0. Suppose 49 = z - 4*p, 0*p = -5*z - j*p + 135. Let r = -20 + z. List the prime factors of r.
3
Suppose 5 = 5*t - 5. List the prime factors of t.
2
Let t = -2 - -2. Let o be -2 + 0 + 2 + t. What are the prime factors of -3*(o + (-15)/9)?
5
Suppose 0 = 5*i + 25, 3*i = -2*k + 2*i + 53. List the prime factors of k.
29
Let n = 116 + -48. List the prime factors of n.
2, 17
Suppose v - 11 = 19. What are the prime factors of (v*1)/3 + 1?
11
Suppose 0*p + 2*l - 1 = -3*p, 0 = 2*p - l + 4. Let i be (-2)/(-6) + 8/12. What are the prime factors of i - p/((-3)/(-6))?
3
Let u be (-4)/(-10) - (-4)/(-10). Suppose u*l - 64 = -4*l. What are the prime factors of l?
2
Suppose -a + 31 = -6. List the prime factors of a.
37
Let l = 249 - 105. What are the prime factors of l?
2, 3
Suppose -4*l - 4*v = -152, -4*l - 19 + 186 = -v. What are the prime factors of l?
41
Let j(s) = -s**3 + 10*s**2 - 3*s - 6. Let q(w) = w + 3. Let i be q(6). List the prime factors of j(i).
2, 3
Let d be 42/8*(-1 - -5). Let o be 300/d + 4/(-14). What are the prime factors of 1*-4*o/(-8)?
7
Suppose 0 = 5*c + 2 - 37. Let i(u) be the first derivative of u**4/4 - 2*u**3 - 2*u**2 - 9*u - 2. List the prime factors of i(c).
2, 3
Let b be (18/(-10))/(2/(-10)). Let d = 11 - b. What are the prime factors of d?
2
Let w(x) = x**3 + 6*x**2 + x - 2. Let r = 2 - 5. List the prime factors of w(r).
2, 11
What are the prime factors of 912/56 + (-4)/14?
2
Let d = -54 + 77. Suppose 3*p - 5*o = d - 10, 0 = -5*o - 10. What are the prime factors of (5 + (3 - 1))/p?
7
Suppose 20 = 4*v, -4*f - 3*v + 61 = -2*v. Let m be (-5 + 4)/((-1)/f). Let j = m - 3. What are the prime factors of j?
11
Let g(y) = -y + 26. List the prime factors of g(8).
2, 3
Let l = 61 - 38. List the prime factors of l.
23
Suppose -912 = -6*y - 0*y. List the prime factors of y.
2, 19
Let d be (10/(-4))/(2/4). Let k(s) = 5*s**3 + 3*s**2 - 4. Let u(q) = 4*q**3 + 2*q**2 - 3. Let v(j) = d*k(j) + 6*u(j). What are the prime factors of v(-3)?
2
Suppose 262 = 2*z - 2*q, -z - 5*q + 77 + 72 = 0. Suppose -2*s = 5*x - z, -4*x - s - 3*s = -100. List the prime factors of x.
2, 7
Let f = 51 + -33. Let z = f + -3. What are the prime factors of z?
3, 5
Suppose 7*x + 95 = 2*x. Let n be 1*-1*29/1. Let v = x - n. What are the prime factors of v?
2, 5
Let h = 1 + 9. Suppose -y - y = -h. List the prime factors of y.
5
Suppose -20 + 4 = -4*w. Suppose 3*l - 5 = w. Suppose l*d - 8 = 25. List the prime factors of d.
11
Let j(m) = 5 + 2*m + m**3 - 2 - 4. Let x be j(1). Suppose -2*z = x - 6. List the prime factors of z.
2
Let h = -34 + 50. List the prime factors of h.
2
Let f(c) = -2*c**2 + c + 2. Let w be f(-2). Let s be ((-18)/w)/(2/(-8)). List the prime factors of ((-11)/(-3))/((-3)/s).
11
List the prime factors of 11/((-1)/(-12)*3).
2, 11
Let m be (1 + -1)/(2 + -3). Let u = 2 + m. Let r = u - 0. What are the prime factors of r?
2
Suppose -2*s + 113 = -u, u = 2*u + 5. What are the prime factors of s?
2, 3
Let t(z) = z**3 - z**2 + 3*z + 3. Let s be t(-2). Let a be (-9)/2 + s/(-10). List the prime factors of 9/a + 2 + 21.
2, 5
Suppose -2*t - 30 = t. Let h = 4 - 11. Let u = h - t. List the prime factors of u.
3
Let p = -32 - -14. Let l = p + 24. List the prime factors of l.
2, 3
Let m = 391 + -112. What are the prime factors of m/27 - 2/6?
2, 5
Suppose 3*w + 6 = 3*l, 0 = 4*w - 7*w - 3. Let y be l + 0 - (-8 - -11). What are the prime factors of y/((-8)/10)*2?
5
Suppose -5*s = -f + 15, -3*s - 6 = 5*f + 3. Let c be (5 - (f + 3))*1. Suppose 0 = -c*u - 0*u + 10. What are the prime factors of u?
5
Let c be (-1 - (3 + 23)) + 3. What are the prime factors of (c/(-14))/((-1)/(-7))?
2, 3
Suppose 3*m + 12 = -0*x + 4*x, -3*m = 0. Let c = x + -2. Let b = 7 + c. What are the prime factors of b?
2
Suppose 4*j - 3 + 99 = 4*v, -j = 2*v - 33. Let d = 13 - v. List the prime factors of (-42)/(-4) + (-3)/d.
11
Let y(z) = -z**3 + z**2 + 5. Let d be y(0). Suppose -2*p + 18 = 4*s, d*s - p - 20 = 6. Suppose 5*m + 40 = s*h, -h - m = h - 7. What are the prime factors of h?
5
Suppose -5*w + u = -37, 4*u + 1 = -w - 0*u. Suppose 0 = -3*r + w + 26. List the prime factors of r.
11
Suppose -4*j + 3*n = -5*j - 15, -20 = -2*j + 4*n. Suppose -5*m = 4*f - 11, 0*f - 2*f + m + 9 = j. What are the prime factors of f?
2
Let n(y) = 4*y + 2. List the prime factors of n(6).
2, 13
Suppose -w = 2 - 28. Let p = -13 + w. List the prime factors of p.
13
Let t(g) = -2*g + 4 + g - 2. Let z be t(-3). Let m(k) = -k + 8. What are the prime factors of m(z)?
3
Let y be 1 + -1 + 21/3. Let p(v) = y*v**2 + 11*v - 12 - 5*v**2 + 6*v**2 - v**3. What are the prime factors of p(9)?
2, 3
Suppose -4*r + 59 = 3*y + 22, -3*y = 2*r - 29. Let x = y - 4. Suppose 2*l - 7 = 2*d + 23, 21 = x*l + 5*d. List the prime factors of l.
2, 3
Let i(x) = -x**2 - 7*x + 8. Let a be i(-8). Suppose 5*b + 4 - 19 = a. Suppose -b*n + 8*n - 54 = -4*w, 5*n = 4*w + 86. List the prime factors of n.
2, 7
List the prime factors of (-4)/(-2)*(-11)/(-2).
11
Let y(j) = 31*j - 1. Let l be y(1). Suppose -t - l = -6*t. Let s = 10 - t. What are the prime factors of s?
2
Let b be 2/(-4) + 54/4. Let x = b - -3. List the prime factors of x.
2
Let x = 6 + -4. Suppose 5*m = 5*k + 30, -4*m + 5*k + 22 = x*k. What are the prime factors of m?
2
Suppose 0 = -5*r + 10, -r + 2*r - 2 = -3*o. Suppose 6 = 3*j + 5*h, 0 = 7*j - 2*j + h - 10. Suppose j*s - 20 - 2 = o. List the prime factors of s.
11
Let m be (0 + 1 - 4) + 3. Suppose -s = -3 - m. List the prime factors of s/(-6*2/(-64)).
2
Suppose -60*g = -58*g - 100. What are the prime factors of g?
2, 5
Let c = 17 - -8. What are the prime factors of c?
5
Let j(y) = -y + 58. What are the prime factors of j(0)?
2, 29
Suppose -2*c - c - 12 = 3*b, -20 = 4*b + 2*c. List the prime factors of (12/b)/((-6)/93).
31
What are the prime factors of (-163)/(-7) + 14/(-49)?
23
List the prime factors of (-18)/54 - (-52)/3.
17
Let v(j) be the third derivative of 11*j**5/60 + j**3/6 + 3*j**2. List the prime factors of v(-1).
2, 3
Let w(t) = -t + 1. Let p(f) = 2*f - 1. Let q(k) = -2*p(k) - 6*w(k). What are the prime factors of q(4)?
2
Let w be (-199)/(-7) + 6/(-14). Suppose -4*p + 8*p - w = 0. List the prime factors of p.
7
Let u(b) = 6*b**3. List the prime factors of u(1).
2, 3
Let b(a) = 5*a - 58. What are the prime factors of b(18)?
2
Suppose -16 = -2*c - 3*k + 3, -2*k = 5*c - 20. What are the prime factors of c?
2
Let u = 112 - -59. What are the prime factors of u?
3, 19
What are the prime factors of (-2)/4*(-56 - 2)?
29
Let v(u) = 5*u**3. Let y